45)/12. List the prime factors of 3 - -4*(-265)/k.
109
Let h be 2 - (4 - -1) - 84/(-7). Suppose -o + 2*n = -14, -2 = -o - n + h. List the prime factors of o.
2, 3
Let l = -54 + 58. Suppose 0 = -3*b + 2*b + h + 84, -5*b - 4*h = -384. Suppose -5*q = -a + 32, -2*q = 2*a - l*q - b. List the prime factors of a.
2, 3, 7
Let z be 3*(1/1 - 0). Suppose 0 = -z*b + 15 + 30. Suppose b*s - 4*s = 605. What are the prime factors of s?
5, 11
Let m be ((-6)/10 + 1)/((-117)/1170). Let f(l) = -218*l - 19. What are the prime factors of f(m)?
853
Suppose 26*c - 31*c - 31640 = -w, 0 = w + c - 31610. What are the prime factors of w?
5, 6323
Let d = -2065 + 5975. List the prime factors of d.
2, 5, 17, 23
Let z(l) = -3*l**2 + 12*l. Let n be z(8). Let g = 100 + n. Suppose g*y - 242 = 5*a + 129, 2*a = 2*y - 186. What are the prime factors of y?
2, 47
What are the prime factors of ((-703)/(-57) + -13)*(-30231)/2?
3, 3359
What are the prime factors of (10 + -16)*-1011*23/6?
3, 23, 337
Let j(r) = 159*r**3 - 3*r**2 - 23*r + 54. List the prime factors of j(4).
2, 5, 1009
Suppose 7*i + 2*j = 9*i - 5318, 4*j - 18591 = -7*i. List the prime factors of i.
2657
Let o(a) = 459*a**2 - 41*a - 4. Let p be o(2). Suppose -p = -21*n + 1925. What are the prime factors of n?
5, 7
Let f be -1*6/18*2*-6. Suppose -5*v + 10 = y, -4*v - f*y + 8 = -2*y. Suppose -70 = v*w - 5*b - 375, 3*b - 489 = -3*w. What are the prime factors of w?
2, 5
Let q = -98 - -98. Suppose q = -5*j + 2*z - 21 + 55, 4*z + 28 = 5*j. What are the prime factors of (-12)/j*(-484)/3 + 3?
5, 7
Let i = 666 + -1458. List the prime factors of (i + 2)*(0 - 2/4).
5, 79
Let r be 2/(5 + -3 + -1). Suppose 2*w - 4*m + 8 = -r*w, -3*m + 20 = 4*w. Suppose w*l + 5*h = -0*l + 103, 2*l + 4*h = 98. What are the prime factors of l?
3, 13
Let y(n) = 2*n**2 - 6*n - 5. Let p = 406 - 414. List the prime factors of y(p).
3, 19
Suppose -108*p + 1824506 = 23*p + 35*p. What are the prime factors of p?
29, 379
Suppose 24*f - 129 = -33. Suppose -f*c + 26726 = 10*c. List the prime factors of c.
23, 83
Suppose -8*o = 31*o - 180921. List the prime factors of o.
4639
Suppose -462*q = -463*q - 45. List the prime factors of -1 - (-5)/(q/(-12348)).
3, 457
Let f = 13343 + 23092. What are the prime factors of f?
3, 5, 7, 347
Suppose 0 = -2*i + 53 - 105. List the prime factors of (0 - 43026/i) + 112/728.
5, 331
Let s(j) = 3*j**2 + 6*j - 7. Let i be s(1). Suppose -6 = -2*m, 0*m = -3*a - i*m + 12. Let k(x) = x**3 + x**2 - 2*x - 1. What are the prime factors of k(a)?
7
Suppose -11*p + 5*c = -9*p + 1, -5*p + 5*c + 5 = 0. Suppose 5*m = -4*t + 422, p*t - 7*t - 3*m = -534. List the prime factors of t.
2, 3
Suppose 9*r + 8*r - 20*r + 684 = 0. List the prime factors of r.
2, 3, 19
Let f = 509 + -506. Suppose f*j - 164 = -t + 183, 0 = 3*t - 2*j - 1030. What are the prime factors of t?
2, 43
Suppose -5*y = 5*t - 25, 5*y - 4 - 14 = 2*t. Suppose -y*v = 2*h + 1078, -5*v - 244 = -2*h + 1081. Let a = v - -481. What are the prime factors of a?
2, 107
Suppose -33*n + 83*n - 312300 = 0. List the prime factors of n.
2, 3, 347
Suppose -37 = 22*m + 227. What are the prime factors of 7 + m/(72/(-546))?
2, 7
Let j(u) be the second derivative of 65*u**3/3 - 3*u**2/2 - 40*u. Let t(p) = 132*p - 4. Let h(q) = 5*j(q) - 4*t(q). List the prime factors of h(2).
5, 7
Let f(o) = -40*o + 12*o + 61 - 61. Let r be f(-5). List the prime factors of r/(-210)*(-1)/(2/327).
109
Suppose -5*i = 2*b + 6, -5*i - 12 = b - 4. Let u be i + 3 + 1 + 0. Suppose -2*p = u*z - 4*z + 354, 3*p + 709 = 4*z. List the prime factors of z.
2, 89
Let i(w) = 3520*w + 8867. List the prime factors of i(18).
72227
Suppose 22*w + 30524 = 35*w. Let k = w - 897. What are the prime factors of k?
1451
What are the prime factors of ((-15200)/(-75))/32*8355?
5, 19, 557
Let q(x) = x**3 - x**2 + x + 1. Let u(i) = 4*i**3 - 39*i**2 - 27*i + 78. Let d(m) = -3*q(m) + u(m). What are the prime factors of d(37)?
2, 167
Suppose 0 = 156*x - 4510542 - 5176746. What are the prime factors of x?
2, 61, 509
Let s = -167 + 172. Suppose -5*n = 0, -242 = -2*a - s*n + 52. What are the prime factors of a?
3, 7
Suppose -41*f - 2 = -b - 42*f, 4*b - 3*f - 22 = 0. Suppose i + 33 = 2*i - 2*y, 0 = b*i - 5*y - 123. What are the prime factors of i?
3
List the prime factors of (9877/6 - 8/(-6))*2.
5, 659
Let h(g) = g**3 + 11*g**2 + 13*g + 5. Let a be h(-7). Suppose 0 = -6*i + a - 38. List the prime factors of 128 - (i/4 - -2).
3, 41
Let h = 7483 - 1797. What are the prime factors of h?
2, 2843
Let x = 17 + -12. Let k(t) = -t**3 + 5*t**2 + 6*t - 32. Let m be k(3). Suppose -4*q + 871 = x*v, m*v = -0*q - 5*q + 1091. What are the prime factors of q?
3, 73
Suppose -10*b + 5 = -35. Suppose 3*w = -0*v - 4*v + 2716, -3*w + b*v = -2684. List the prime factors of w.
2, 3, 5
Let g(i) = -10*i + 10. Let z = -240 + 218. List the prime factors of g(z).
2, 5, 23
Let d = 11 + 68. Suppose d - 23 = -4*f. What are the prime factors of 0 + (-1560)/(-28) + (-4)/f?
2, 7
Suppose -4*z + 4 = 0, -5*z + 9 - 1 = r. Suppose 4*k + 13 = -0*k + r*v, -k + v - 3 = 0. Let h(g) = g**3 + 7*g**2 + 3*g - 2. What are the prime factors of h(k)?
2, 17
Let d(v) = v - 6. Let z be d(5). List the prime factors of 3564/18 + (-3*2 - z).
193
Suppose 12*f - 302 = 142. Suppose -d - j - 22 = -9, -4*d - j - f = 0. List the prime factors of d/(-36) + (-1)/((-18)/1076).
2, 3, 5
Let m(i) = 688*i - 29. Let t(b) = 6*b + 145. Let q be t(-24). What are the prime factors of m(q)?
659
Let k(l) = 13*l**3 + 8*l**2 - 2*l - 22. What are the prime factors of k(9)?
5, 2017
Suppose 26*o - 24*o = 3*b + 53, 3*o = -3*b + 87. Suppose 0 = -o*h + 16*h + 8520. List the prime factors of h.
2, 5, 71
Suppose 0 = 8*o + 5*o + 130. Let b be (1 + (-2)/o)/((-14)/(-35)). Suppose 0 = -5*u + 5*d + 460, b*u - 2*d + 42 = 319. What are the prime factors of u?
3, 31
Suppose w + 1300 = -3*h - 2*h, 3*h + 797 = -4*w. Let k be (h/(-5) - 2) + (-1)/(-5). Suppose 4*p + k = 3*l - 44, -2*l + 5*p = -65. List the prime factors of l.
2, 3, 5
Suppose 14969*n - 14966*n = 18234. List the prime factors of n.
2, 3, 1013
Let s = -7 + 4. Let o(z) = -67165 + 6*z - 22*z + 67155. What are the prime factors of o(s)?
2, 19
Suppose -v + 46 + 647 = 4*f, -4*f + 2039 = 3*v. Let q = v + -324. Suppose 107 = 5*w - 5*o - 773, -q = -2*w - o. List the prime factors of w.
5, 7
Let j = -2714 + 3908. Let y = 1855 - j. What are the prime factors of y?
661
Let t(h) = h + 4. Let y be t(-1). Suppose -3*k = -i - 2*i - 54, y*i - 4*k = -51. List the prime factors of ((-123)/2)/(i/14).
41
Suppose 23*o + 66 = 12*o. Let k(l) = -3*l**3 - l - 13. List the prime factors of k(o).
641
Let s be -1*(-1)/5 - 4/(-5). Let r be 2 - -3 - 2 - s. Suppose 4*c + 5*t - 393 = 6*t, -c - r*t = -105. What are the prime factors of c?
3, 11
Let h = 83968 - 52414. List the prime factors of h.
2, 3, 1753
Suppose -30577 = 14*a - 208685. List the prime factors of a.
2, 6361
Let c(x) = -454*x**3 + 9*x**2 - 39*x - 187. What are the prime factors of c(-4)?
3, 7, 463
Suppose q + 5*d - 30 = -0*q, 3*d - 32 = -2*q. Suppose 0 = 3*g - 5 - q. Suppose -6*w - s = -3*w - 142, -4*w = g*s - 193. List the prime factors of w.
47
Let z be 1/(-2) + (-15)/(-10). Suppose 7*w - 302 = -1730. What are the prime factors of (-6)/3 - w/(1 + z)?
2, 5
Suppose 0 = 4*c - 4*f - 1104, 3*f = 2*c - c - 282. Let h = -154 + c. What are the prime factors of h?
7, 17
Let g = -1736 + 2666. Let r = 1427 - g. List the prime factors of r.
7, 71
Suppose -4*w - 9*s + 4*s = 4, 5*s + 32 = 3*w. Suppose 10*l = w*l + 126. List the prime factors of l.
3, 7
Suppose -4*b - 4 + 64 = 0. Suppose -5*t = -5 - b. Suppose 0 = -3*v + 2*v - 4, -t*v + 587 = 3*s. What are the prime factors of s?
3, 67
Let z = 26 - 30. Let s be 6*((-6)/z - 2). List the prime factors of (-1*(-4)/(-10))/(s/870).
2, 29
Suppose 177 = -7*m - 166. What are the prime factors of m*(-18)/(-21)*-17?
2, 3, 7, 17
Suppose -5*a = -3*f - 11, -4 = -f - a + 3. Suppose 0 = f*y + 29 - 74. What are the prime factors of y?
3, 5
Let b be (-3 + 4)*-2 - 2. Let t be -32*(5 + -8)*b/(-6). Suppose 4*r - 71 - 57 = -3*h, -t = -2*r - 5*h. What are the prime factors of r?
2
Suppose -22151 = -28*i + 6129. Suppose 3*j = j + 10. Suppose -2*c = -j*b + i, b + 3*c = -2*c + 202. List the prime factors of b.
2, 101
Let q = -1019 + 949. What a